{"id":33,"date":"2019-12-12T16:33:54","date_gmt":"2019-12-12T16:33:54","guid":{"rendered":"http:\/\/hendrikjewangemann.de\/?page_id=33"},"modified":"2021-09-28T10:25:04","modified_gmt":"2021-09-28T10:25:04","slug":"preise-und-auszeichnungen-von-studierenden","status":"publish","type":"page","link":"https:\/\/hendrikjewangemann.de\/?page_id=33","title":{"rendered":"Preise und Auszeichnungen von Studierenden"},"content":{"rendered":"\n<p><\/p>\n\n\n\n<div class=\"wp-block-image\"><figure class=\"aligncenter size-large is-resized\"><img loading=\"lazy\" decoding=\"async\" src=\"http:\/\/hendrikjewangemann.de\/wp-content\/uploads\/2021\/09\/Anastasiya-Taratorkina_Sopran_Anastasiya_Taratorkina\u00a9Daniel_Delang_E4A52151631786367303-723x1024.jpg\" alt=\"\" class=\"wp-image-265\" width=\"210\" height=\"296\" srcset=\"https:\/\/hendrikjewangemann.de\/wp-content\/uploads\/2021\/09\/Anastasiya-Taratorkina_Sopran_Anastasiya_Taratorkina\u00a9Daniel_Delang_E4A52151631786367303-723x1024.jpg 723w, https:\/\/hendrikjewangemann.de\/wp-content\/uploads\/2021\/09\/Anastasiya-Taratorkina_Sopran_Anastasiya_Taratorkina\u00a9Daniel_Delang_E4A52151631786367303-212x300.jpg 212w, https:\/\/hendrikjewangemann.de\/wp-content\/uploads\/2021\/09\/Anastasiya-Taratorkina_Sopran_Anastasiya_Taratorkina\u00a9Daniel_Delang_E4A52151631786367303-1446x2048.jpg 1446w\" sizes=\"auto, (max-width: 210px) 100vw, 210px\" \/><\/figure><\/div>\n\n\n\n<p><strong>Anastasiya Taratorkina, Sopran,<\/strong> ist die Siegerin des diesj\u00e4hrigen Internationalen Musikwettbewerbes der ARD im Fach Gesang. Sie gewann des 1.Preis und zus\u00e4tzlich den Publikumspreis. Ein 2. Preis wurde nicht vergeben, der 3.Preis wurde dreimal ausgelobt.<br>Sie \u00fcberzeugte im Orchesterfinale mit den Arien der Norina, Pamina und Anne Trulove aus &#8222;Rakes Progress&#8220; von Stravinsky. Pflichtteil des anspruchsvollen Programms mit Liedern und Arien aus verschiedenen Epochen war im Semifinale eine Auftragskomposition von Isabel Mundry.<\/p>\n\n\n\n<p>Anastasiya Taratorkina studierte zun\u00e4chst von 2014 &#8211; 2019 am Glinka-Konservatorium in Nowosibirsk. Seit 2020 studiert sie in der Opernklasse an der Dresdner Musikhochschule.<\/p>\n\n\n\n<div class=\"wp-block-image\"><figure class=\"aligncenter size-large is-resized\"><img loading=\"lazy\" decoding=\"async\" src=\"http:\/\/hendrikjewangemann.de\/wp-content\/uploads\/2019\/12\/PT_Artur-1024x683.jpeg\" alt=\"\" class=\"wp-image-46\" width=\"220\" height=\"145\"\/><\/figure><\/div>\n\n\n\n<p><strong>Artur Garbas<\/strong>,&nbsp;Bariton, ist 1. Preistr\u00e4ger des Bundeswettbewerbes Gesang 2020. Er gewann den mit 10 000 Euro dotierten Hauptpreis des Regierenden B\u00fcrgermeisters Berlin.&nbsp;<br>Im Auswahlkonzert der Walter und Charlotte Hamel Stiftung am 10.05.2019 in Hannover ersang er sich das F\u00f6rderstipendium 2019 sowie den Publikumspreis.<br>Er wurde einer der 42 Teilnehmer von 1500 Bewerbern bei den Endrunden des Internationalen Wettbewerbs &#8222;Neue Stimmen&#8220; 2019 in G\u00fctersloh.<br>Im Januar 2019 errang er beim \u201eFirst&nbsp;Vienna&nbsp;International&nbsp;Music &nbsp;Competition\u201c einen \u201eSpecial Award\u201c in Gold (Kategorie&nbsp;\u201evirtuoso\u201c&nbsp;20-26&nbsp;Jahre). <br>Er war Mehrfachpreistr\u00e4ger beim Internationalen&nbsp;Anton\u00edn-Dvo\u0159\u00e1k-Wettbewerb 2017 in Karlovy Vary: 2. Preis Kategorie Oper Junior\/M\u00e4nner, Preis der Nationaloper Prag- eine Rolle in der Saison 2018\/19, Preis der Anton\u00edn\u2011Dvo\u0159\u00e1k\u2011Gemeinschaft&nbsp; in Prag f\u00fcr die beste Interpretation eines Dvo\u0159\u00e1k-Liedes, Gustav\u2011Mahler\u2011Preis in Verbindung mit der Teilnahme beim Vestival Hudba tisicu &#8211; Mahler&nbsp;Jihlava, Milan B\u00fcrger-Preis f\u00fcr die Interpretation eines Liedes von Dvo\u0159\u00e1k aus \u201eBiblische Lieder\u201c und Preis f\u00fcr die beste Interpretation einer Mozart-Arie. 2016 war Artur Garbas Preistr\u00e4ger beim 45.Bundeswettbewerb Gesang in Berlin in der Kategorie Junior. <br>(Preis der Walter und Charlotte Hamel-Stiftung)<\/p>\n\n\n\n<div class=\"wp-block-image\"><figure class=\"aligncenter size-large is-resized\"><img loading=\"lazy\" decoding=\"async\" src=\"http:\/\/hendrikjewangemann.de\/wp-content\/uploads\/2020\/12\/PT_Kim-1024x683.jpg\" alt=\"\" class=\"wp-image-258\" width=\"250\" height=\"166\" srcset=\"https:\/\/hendrikjewangemann.de\/wp-content\/uploads\/2020\/12\/PT_Kim-1024x683.jpg 1024w, https:\/\/hendrikjewangemann.de\/wp-content\/uploads\/2020\/12\/PT_Kim-300x200.jpg 300w, https:\/\/hendrikjewangemann.de\/wp-content\/uploads\/2020\/12\/PT_Kim-768x512.jpg 768w, https:\/\/hendrikjewangemann.de\/wp-content\/uploads\/2020\/12\/PT_Kim-1536x1025.jpg 1536w, https:\/\/hendrikjewangemann.de\/wp-content\/uploads\/2020\/12\/PT_Kim.jpg 2048w\" sizes=\"auto, (max-width: 250px) 100vw, 250px\" \/><\/figure><\/div>\n\n\n\n<p><strong>Beomjin Kim, <\/strong>Tenor, wurde am 22. November 2020 mit dem Curt-Taucher-Preis der &#8222;Stiftung Semperoper&#8220; ausgezeichnet<strong>.<\/strong><\/p>\n\n\n\n<p>Der F\u00f6rderpreis wird an hochtalentierte S\u00e4ngerinnen und S\u00e4nger verliehen und ist dem Andenken des in den 1920er und 1930er Jahren gefeierten Wagner-Tenors Curt Taucher gewidmet.<\/p>\n\n\n\n<p>Beomjin Kim war Mitglied des Jungen Ensembles und studiert seit 2019 in der Meisterklasse der Dresdner Musikhochschule.<\/p>\n\n\n\n<p>Ab der kommenden Spielzeit soll Beomjin Kim der Semperoper mit einem Residenzvertrag verbunden bleiben.<\/p>\n\n\n\n<p>Im Mai 2021 deb\u00fctiert er als &#8222;Italienischer Tenor&#8220; in &#8222;Capriccio&#8220; von Richard Strauss unter der Leitung von Generalmusikdirektor Christian Thielemann.<\/p>\n\n\n\n<div class=\"wp-block-image\"><figure class=\"aligncenter size-large is-resized\"><img loading=\"lazy\" decoding=\"async\" src=\"http:\/\/hendrikjewangemann.de\/wp-content\/uploads\/2019\/12\/PT_Nath-Goebl.jpg\" alt=\"Merith_Nath-G\u00f6bl\" class=\"wp-image-48\" width=\"161\" height=\"161\" srcset=\"https:\/\/hendrikjewangemann.de\/wp-content\/uploads\/2019\/12\/PT_Nath-Goebl.jpg 415w, https:\/\/hendrikjewangemann.de\/wp-content\/uploads\/2019\/12\/PT_Nath-Goebl-300x300.jpg 300w, https:\/\/hendrikjewangemann.de\/wp-content\/uploads\/2019\/12\/PT_Nath-Goebl-150x150.jpg 150w, https:\/\/hendrikjewangemann.de\/wp-content\/uploads\/2019\/12\/PT_Nath-Goebl-100x100.jpg 100w\" sizes=\"auto, (max-width: 161px) 100vw, 161px\" \/><\/figure><\/div>\n\n\n\n<p><strong>Merith-Nath G\u00f6bl<\/strong>, Sopran, erreichte im November 2019 beim Internationalen Dvo\u0159\u00e1kwettbewerb in Karlovy Vary in der Kategorie Oper\/Junior das Orchesterfinale.<\/p>\n\n\n\n<hr class=\"wp-block-separator\"\/>\n\n\n\n<div class=\"wp-block-image\"><figure class=\"aligncenter size-large is-resized\"><img loading=\"lazy\" decoding=\"async\" src=\"http:\/\/hendrikjewangemann.de\/wp-content\/uploads\/2019\/12\/PT_Trifkovic-683x1024.jpeg\" alt=\"\" class=\"wp-image-50\" width=\"160\" height=\"240\" srcset=\"https:\/\/hendrikjewangemann.de\/wp-content\/uploads\/2019\/12\/PT_Trifkovic-683x1024.jpeg 683w, https:\/\/hendrikjewangemann.de\/wp-content\/uploads\/2019\/12\/PT_Trifkovic-200x300.jpeg 200w, https:\/\/hendrikjewangemann.de\/wp-content\/uploads\/2019\/12\/PT_Trifkovic-768x1152.jpeg 768w, https:\/\/hendrikjewangemann.de\/wp-content\/uploads\/2019\/12\/PT_Trifkovic-1024x1536.jpeg 1024w, https:\/\/hendrikjewangemann.de\/wp-content\/uploads\/2019\/12\/PT_Trifkovic-1365x2048.jpeg 1365w, https:\/\/hendrikjewangemann.de\/wp-content\/uploads\/2019\/12\/PT_Trifkovic-scaled.jpeg 1707w\" sizes=\"auto, (max-width: 160px) 100vw, 160px\" \/><\/figure><\/div>\n\n\n\n<p><strong>Tea Trifkovi\u010d<\/strong> war Finalistin des 11. Internationalen &#8222;Cesti&#8220;- Wettbewerbes f\u00fcr Barockoper in Innsbruck vom 25.bis 30. August 2020.  Im Mai 2019 gewann sie den 2. Preis in der Alterskategorie 21-26 Jahre beim Internationalen Duschekwettbewerb in Prag. Beim 11.Internationalen Gesangswettbewerb Immling im M\u00e4rz 2019 war sie ebenfalls erfolgreich und gewann einen von drei Nachwuchspreisen. Von 78 Teilnehmern aus 23 Nationen erreichten 14 Teilnehmer das Orchesterfinale. Zudem hat sie beim Slowenischen Bundeswettbewerb \u201eTEMSIG\u201c im M\u00e4rz 2019 in der Kategorie 2a den 2.Preis und eine \u201eGoldene Plakette\u201cgewonnen. <br>2017 errang sie den 2. Preis beim 5. Internationalen Giulio\u2011Perotti\u2011Wettbewerb in Ueckerm\u00fcnde in der Kategorie der Bachelorstudierenden. <\/p>\n\n\n\n<p><\/p>\n\n\n\n<hr class=\"wp-block-separator\"\/>\n\n\n\n<hr class=\"wp-block-separator\"\/>\n\n\n\n<div class=\"wp-block-image\"><figure class=\"aligncenter size-large is-resized\"><img loading=\"lazy\" decoding=\"async\" src=\"http:\/\/hendrikjewangemann.de\/wp-content\/uploads\/2019\/12\/PT_Wang.jpg\" alt=\"\" class=\"wp-image-51\" width=\"203\" height=\"203\" srcset=\"https:\/\/hendrikjewangemann.de\/wp-content\/uploads\/2019\/12\/PT_Wang.jpg 415w, https:\/\/hendrikjewangemann.de\/wp-content\/uploads\/2019\/12\/PT_Wang-300x300.jpg 300w, https:\/\/hendrikjewangemann.de\/wp-content\/uploads\/2019\/12\/PT_Wang-150x150.jpg 150w, https:\/\/hendrikjewangemann.de\/wp-content\/uploads\/2019\/12\/PT_Wang-100x100.jpg 100w\" sizes=\"auto, (max-width: 203px) 100vw, 203px\" \/><\/figure><\/div>\n\n\n\n<p><strong>Qing Wang<\/strong>, Sopran, hat am 4. November 2018 den 3. Preis des Internationalen Anton-Rubinstein-Wettbewerbes in D\u00fcsseldorf gewonnen.<\/p>\n\n\n\n<hr class=\"wp-block-separator\"\/>\n\n\n\n<div class=\"wp-block-image\"><figure class=\"aligncenter size-large is-resized\"><img loading=\"lazy\" decoding=\"async\" src=\"http:\/\/hendrikjewangemann.de\/wp-content\/uploads\/2019\/12\/PT_Kunath-1024x683.jpeg\" alt=\"\" class=\"wp-image-47\" width=\"216\" height=\"143\" srcset=\"https:\/\/hendrikjewangemann.de\/wp-content\/uploads\/2019\/12\/PT_Kunath-1024x683.jpeg 1024w, https:\/\/hendrikjewangemann.de\/wp-content\/uploads\/2019\/12\/PT_Kunath-300x200.jpeg 300w, https:\/\/hendrikjewangemann.de\/wp-content\/uploads\/2019\/12\/PT_Kunath-768x512.jpeg 768w, https:\/\/hendrikjewangemann.de\/wp-content\/uploads\/2019\/12\/PT_Kunath-1536x1024.jpeg 1536w, https:\/\/hendrikjewangemann.de\/wp-content\/uploads\/2019\/12\/PT_Kunath-2048x1365.jpeg 2048w\" sizes=\"auto, (max-width: 216px) 100vw, 216px\" \/><\/figure><\/div>\n\n\n\n<p><strong>Jakob Kunath, <\/strong>Bariton, war Preistr\u00e4ger des Internationalen Gesangswettbewerbes der Kammeroper Rheinsberg 2018 und Gewinner des Lortzing-Wettbewerbes 2018 der HMT Leipzig.<\/p>\n\n\n\n<hr class=\"wp-block-separator\"\/>\n\n\n\n<div class=\"wp-block-image\"><figure class=\"aligncenter size-large is-resized\"><img loading=\"lazy\" decoding=\"async\" src=\"http:\/\/hendrikjewangemann.de\/wp-content\/uploads\/2019\/12\/PT_Ryu.jpeg\" alt=\"\" class=\"wp-image-49\" width=\"168\" height=\"223\" srcset=\"https:\/\/hendrikjewangemann.de\/wp-content\/uploads\/2019\/12\/PT_Ryu.jpeg 415w, https:\/\/hendrikjewangemann.de\/wp-content\/uploads\/2019\/12\/PT_Ryu-226x300.jpeg 226w\" sizes=\"auto, (max-width: 168px) 100vw, 168px\" \/><\/figure><\/div>\n\n\n\n<p><strong>Seongsoo Ryu<\/strong>, Tenor, gewann beim Internationalen Anton\u00edn\u2011Dvo\u0159\u00e1k\u2011Wettbewerb vom 4. bis 11.11.16 in Karlovy Vary den 1. Preis und war Gewinner des Grand Prix sowie des Sonderpreises &#8222;Giulio\u2011Perotti&#8220;&nbsp; f\u00fcr die sch\u00f6nste Tenorstimme beim 5. Internationalen Giulio\u2011Perotti\u2011Wettbewerb&nbsp; 2017 in Ueckerm\u00fcnde. <\/p>\n\n\n\n<hr class=\"wp-block-separator\"\/>\n","protected":false},"excerpt":{"rendered":"<p>Anastasiya Taratorkina, Sopran, ist die Siegerin des diesj\u00e4hrigen Internationalen Musikwettbewerbes der ARD im Fach Gesang. Sie gewann des 1.Preis und zus\u00e4tzlich den Publikumspreis. Ein 2. Preis wurde nicht vergeben, der 3.Preis wurde dreimal ausgelobt.Sie \u00fcberzeugte im Orchesterfinale mit den Arien der Norina, Pamina und Anne Trulove aus &#8222;Rakes Progress&#8220; von Stravinsky. Pflichtteil des anspruchsvollen Programms &hellip; <\/p>\n<p class=\"link-more\"><a href=\"https:\/\/hendrikjewangemann.de\/?page_id=33\" class=\"more-link\"><span class=\"screen-reader-text\">\u201ePreise und Auszeichnungen von Studierenden\u201c <\/span>weiterlesen<\/a><\/p>\n","protected":false},"author":1,"featured_media":0,"parent":0,"menu_order":0,"comment_status":"closed","ping_status":"closed","template":"","meta":{"ngg_post_thumbnail":0,"footnotes":""},"class_list":["post-33","page","type-page","status-publish","hentry"],"_links":{"self":[{"href":"https:\/\/hendrikjewangemann.de\/index.php?rest_route=\/wp\/v2\/pages\/33","targetHints":{"allow":["GET"]}}],"collection":[{"href":"https:\/\/hendrikjewangemann.de\/index.php?rest_route=\/wp\/v2\/pages"}],"about":[{"href":"https:\/\/hendrikjewangemann.de\/index.php?rest_route=\/wp\/v2\/types\/page"}],"author":[{"embeddable":true,"href":"https:\/\/hendrikjewangemann.de\/index.php?rest_route=\/wp\/v2\/users\/1"}],"replies":[{"embeddable":true,"href":"https:\/\/hendrikjewangemann.de\/index.php?rest_route=%2Fwp%2Fv2%2Fcomments&post=33"}],"version-history":[{"count":23,"href":"https:\/\/hendrikjewangemann.de\/index.php?rest_route=\/wp\/v2\/pages\/33\/revisions"}],"predecessor-version":[{"id":270,"href":"https:\/\/hendrikjewangemann.de\/index.php?rest_route=\/wp\/v2\/pages\/33\/revisions\/270"}],"wp:attachment":[{"href":"https:\/\/hendrikjewangemann.de\/index.php?rest_route=%2Fwp%2Fv2%2Fmedia&parent=33"}],"curies":[{"name":"wp","href":"https:\/\/api.w.org\/{rel}","templated":true}]}}